{"id":22,"date":"2026-03-12T21:15:37","date_gmt":"2026-03-12T14:15:37","guid":{"rendered":"https:\/\/tylekeo.free\/?page_id=22"},"modified":"2026-03-12T21:15:37","modified_gmt":"2026-03-12T14:15:37","slug":"ket-qua-bong-da-hom-nay","status":"publish","type":"page","link":"https:\/\/tylekeo.free\/index.php\/ket-qua-bong-da-hom-nay\/","title":{"rendered":"K\u1ebft qu\u1ea3 b\u00f3ng \u0111\u00e1 h\u00f4m nay"},"content":{"rendered":"","protected":false},"excerpt":{"rendered":"","protected":false},"author":1,"featured_media":0,"parent":0,"menu_order":0,"comment_status":"closed","ping_status":"closed","template":"","meta":{"footnotes":""},"class_list":["post-22","page","type-page","status-publish","hentry"],"_links":{"self":[{"href":"https:\/\/tylekeo.free\/index.php\/wp-json\/wp\/v2\/pages\/22","targetHints":{"allow":["GET"]}}],"collection":[{"href":"https:\/\/tylekeo.free\/index.php\/wp-json\/wp\/v2\/pages"}],"about":[{"href":"https:\/\/tylekeo.free\/index.php\/wp-json\/wp\/v2\/types\/page"}],"author":[{"embeddable":true,"href":"https:\/\/tylekeo.free\/index.php\/wp-json\/wp\/v2\/users\/1"}],"replies":[{"embeddable":true,"href":"https:\/\/tylekeo.free\/index.php\/wp-json\/wp\/v2\/comments?post=22"}],"version-history":[{"count":1,"href":"https:\/\/tylekeo.free\/index.php\/wp-json\/wp\/v2\/pages\/22\/revisions"}],"predecessor-version":[{"id":26,"href":"https:\/\/tylekeo.free\/index.php\/wp-json\/wp\/v2\/pages\/22\/revisions\/26"}],"wp:attachment":[{"href":"https:\/\/tylekeo.free\/index.php\/wp-json\/wp\/v2\/media?parent=22"}],"curies":[{"name":"wp","href":"https:\/\/api.w.org\/{rel}","templated":true}]}}